 179 = -5*q. Let z be 2 + (-6)/((-4)/2). Suppose z*o - 78 = 2*o - 4*y, -2*y - 156 = -5*o. What is the highest common divisor of o and q?
15
Suppose -59*f + 39 + 315 = 0. Suppose -f*u + i + 1733 = 0, 3*i - 4*i = 3*u - 868. What is the highest common factor of u and 51?
17
Let u be 2/(-7) - 550/(-14). Let x be (-105)/(-3080)*11 - 4/(96/(-8415)). What is the greatest common divisor of u and x?
39
Suppose -4*c + 3*a - 172 = a, 3*c - 3*a + 132 = 0. Let n(q) = q**3 + 42*q**2 - 3*q - 121. Let m be n(c). What is the greatest common factor of 23 and m?
1
Let g be (-2 - -12 - 0) + -6 + 27023. What is the highest common divisor of g and 286?
143
Let v be ((2 + 1)/3)/((-19)/(-95)). Let x be (-360)/((-10)/v) - 4. What is the greatest common divisor of x and 32?
16
Let q(p) = -3*p**3 - 125*p**2 - 427*p + 3. Let b be q(-38). Suppose 0 = -4*d + 75 + 105. What is the greatest common factor of b and d?
15
Let p(l) = -l**3 - 14*l**2 + 6*l - 36. Let q be p(-14). Let j = -96 - q. Calculate the greatest common divisor of j and 12.
12
Let m = 5 + 3. Calculate the greatest common factor of m and 84.
4
Let i(u) = -2*u**2 - 290*u + 402. Let z be i(0). What is the greatest common divisor of z and 168?
6
Let x = -724 - -728. Let y be 66/12 - 2/x. Calculate the greatest common factor of 19 and y.
1
Suppose 14 = -2*s - 5*j, s + 8 = 2*j + 10. Let p be 3/5 - 8/40*s. Calculate the greatest common factor of 33 and p.
1
Let i be 1357 - (-15 - -3 - 6). Calculate the highest common factor of i and 495.
55
Let j = -4447 + 4466. What is the greatest common divisor of 1216 and j?
19
Let l(m) = -79*m - 1699. Let z be l(-28). Calculate the greatest common factor of z and 38.
19
Suppose 0 = 33*g + 26970 - 80430. Let t be 27/(g/98032) + (-4)/(-30). What is the greatest common divisor of 38 and t?
38
Suppose -2*d + z + 213 = 0, z + 6 = -z. Calculate the highest common divisor of 350 and d.
35
Let t = 109 - 103. Suppose w = -2*w - 15. Let u be (3/(-9))/(w/270). Calculate the greatest common factor of u and t.
6
Let k be (-3)/(-4) + (-100)/(-16). Let o be -4*6/(-8)*-1 - (-537 + 520). What is the highest common factor of k and o?
7
Suppose a - 2 - 1 = 0. Suppose 7*f - 48 = a*f. Let r = 801 + -795. Calculate the greatest common factor of r and f.
6
Let h be (-3926)/(-4) + -10 - ((-5)/(-2) - 3). What is the highest common factor of h and 12?
12
Let j(z) = -z**3 - 117*z**2 - 443*z + 165. Let m be j(-114). What is the highest common divisor of m and 102?
51
Let t = 2 + 48. Suppose -236 = 4*o - 268. Suppose t = -3*z + o*z. What is the highest common divisor of 2 and z?
2
Let u = 31416 + -27398. Calculate the highest common divisor of u and 588.
98
Let i be (-2 - 1)/(9/402). Let b = i - -119. Let c be (-5)/(b/618) + (-7 - -4). Calculate the greatest common divisor of 29 and c.
29
Let g(q) = -3*q + 1. Let k be g(-3). Suppose -57*v - 107*v = -984. What is the greatest common divisor of v and k?
2
Let q(p) be the third derivative of -p**5/20 - 5*p**4/6 + p**3/3 + p**2 - p. Let d be q(-6). What is the highest common divisor of d and 112?
14
Suppose -16*v + 3867 + 16373 = 0. What is the highest common factor of 230 and v?
115
Let j be (153 - (0 - -2))/((-3)/(-12)). Suppose -598*p = -j*p + 66. What is the greatest common divisor of p and 275?
11
Suppose -a = -5*q + 339, -198*a + 201*a = -2*q + 139. What is the highest common divisor of q and 2346?
34
Suppose -678*p = -507*p - 49248. Calculate the highest common divisor of 3672 and p.
72
Suppose -g = -82 + 5. Suppose 7 + g = 7*a. Let h = 1658 + -1598. What is the highest common divisor of a and h?
12
Let n(a) = a**3 - 2*a**2 - 18*a + 595. Let v be n(0). What is the highest common divisor of 680 and v?
85
Suppose -208*x + 516 = -122*x. What is the highest common factor of 2139 and x?
3
Suppose -3*i = 4*h - 123, -160 = -4*i + 7*h - 11*h. Suppose 0 = -11*s + i - 26. Let j = 11 - 2. What is the greatest common factor of j and s?
1
Let b = -1981 + 2125. Calculate the highest common factor of b and 80.
16
Let n = 223 - 231. Let j be 48 + 29/(-58)*(0 - n). Calculate the greatest common divisor of 220 and j.
44
Let m = 15533 - 9900. What is the greatest common divisor of m and 86?
43
Suppose -4810 = -5*x - 5*y + 7460, 2*x = -y + 4902. What is the highest common divisor of x and 340?
68
Suppose 61 = 4*u - 23*o + 18*o, -u + 15 = -o. Calculate the greatest common factor of 791 and u.
7
Let x be (-4)/(4/61)*-4. Suppose 2*k + 30 = 3*s + 5*k, 4*k = 24. What is the highest common divisor of x and s?
4
Let c be ((-4512)/987)/((-6)/(-217))*-9. What is the highest common divisor of c and 228?
12
Let o be 9/3 - (0 + -8). Suppose 3*r - 3*m - 7 - o = 0, m = -5*r + 30. Let i be (7 + -5)*(6 - (-3 + 6)). Calculate the greatest common factor of r and i.
6
Let l = 19 - 17. Suppose -l*a - 260 = -2*f - 0*a, 0 = a. What is the highest common factor of 52 and f?
26
Let z(y) = -y**2 - 181*y + 5742. Let o be z(27). What is the greatest common factor of 1020 and o?
6
Let h be 88/2*2/4. Suppose -2025 = 7*v - 2095. Suppose -249 = -v*m + 741. What is the highest common factor of h and m?
11
Suppose 7*k - f - 205 = 2*k, -4*k = 3*f - 145. Let n(c) = -16*c - 1419. Let m be n(-89). Calculate the highest common factor of k and m.
5
Suppose 2*k = -23*d - 171, 126*d = 3*k + 129*d - 279. Let h(o) = 4*o**2 - 3*o - 2. Let t be h(4). Calculate the greatest common divisor of k and t.
10
Suppose 0*f + 2*g = 3*f - 210, 0 = -f + g + 69. Calculate the highest common divisor of 126 and f.
18
Let v = -422 + 287. Let h = -31 - v. What is the highest common factor of 13 and h?
13
Suppose -127*g + 18919 + 13519 = -17854. What is the greatest common factor of 5346 and g?
198
Suppose -7174 = -5*v - o, 10*v = 11*v + 2*o - 1433. What is the highest common divisor of v and 105?
35
Suppose -5*w = -3*r - 0*w - 38, -22 = 3*r - w. Let a be -3*2/r*40. Let v be (-15 + -1)/((-5)/a). What is the greatest common factor of 32 and v?
32
Let b = -18452 - -18456. What is the greatest common divisor of b and 614?
2
Let p(u) = 2*u**2 - 20*u - 6. Let f be p(11). Suppose 0 = -4*z + 3*s + 2695, z - 680 = f*s - 14*s. What is the highest common factor of z and 10?
10
Suppose 5*s + 3*a + 0*a - 13499 = 0, 4*a = -4*s + 10796. Calculate the highest common factor of 219 and s.
73
Let m be 2556/1136 - 18382/(-8). What is the highest common factor of 50 and m?
50
Suppose 0*f = f - 2*y - 25, -y = -4*f + 93. Suppose -12242 = -42*v + 22. Suppose -24*m + v + 2468 = 0. Calculate the greatest common divisor of m and f.
23
Let u(y) = 1698*y - 498. Let j be u(3). Calculate the highest common divisor of j and 12.
12
Suppose 4*n - 159 = -22*k + 19*k, -5*k + 5*n = -230. Calculate the greatest common factor of 371 and k.
7
Let z(x) = -258*x**3 - 2*x**2 + 3*x - 2. Let m be z(1). Let t = -240 - m. What is the highest common factor of t and 152?
19
Let m(u) = 8*u**2 - 8*u + 90. Let o be m(8). Calculate the greatest common divisor of o and 2.
2
Suppose -59*r = 2310 - 14641. Calculate the highest common divisor of r and 44.
11
Suppose 0 = -3*c + t + 92865 + 20767, -7 = t. What is the greatest common divisor of c and 15?
15
Let q = 1922 - 536. Calculate the greatest common factor of q and 441.
63
Suppose -73 = -5*t - 10*x + 7*x, 4*x + 9 = 3*t. Let j = -6 + 9. Suppose -41 + 8 = -j*l. Calculate the highest common factor of t and l.
11
Let b be 2*((-2034)/(-36) - 23). Calculate the highest common divisor of 16147 and b.
67
Let v(c) = -6*c**2 - c - 14. Let l be v(10). Let y be (9/4)/((-18)/l + 0). Suppose 9*n - 228 = y. Calculate the highest common factor of 68 and n.
34
Let c be 2739/15 - (-1 - 3/(-5)). Let t = 1677 - 1674. Calculate the highest common factor of c and t.
3
Let i(k) = 2*k**3 - 15*k**2 + 7*k + 25. Let x be i(10). Let q = 892 - x. Calculate the greatest common divisor of 33 and q.
33
Let w be 6/(-27) - 120/(-54). Let z(h) = -h - 1. Let p be z(-7). Suppose -320 = -w*s - p*s. What is the greatest common factor of 4 and s?
4
Let u(g) = -g**3 + 22*g**2 - 18*g - 23. Let r be u(18). Let a = -933 + r. Calculate the greatest common factor of 32 and a.
16
Suppose 67*d - 71*d + 176 = 0. Let y(l) = -2*l + 97. Let g be y(d). Let v(p) = -p**2 - 4*p + 6. Let q be v(-5). What is the highest common divisor of q and g?
1
Let j = 17879 - 16924. What is the gre